highest common factor of r and 11710.
10
Let u = 1435 + -1393. Let q = -80 + 150. Calculate the greatest common factor of q and u.
14
Suppose -b + 6649 = 6*z - 4*z, 0 = 3*b - 3. Calculate the greatest common factor of 12 and z.
12
Let h = 94 + -105. Let j(a) = -5*a - 31. Let k be j(h). Suppose k*m = 19*m + 585. What is the greatest common divisor of 9 and m?
9
Let d = -1254 + 1542. Calculate the greatest common divisor of 180 and d.
36
Suppose -110*z + 1377216 = 34*z. What is the greatest common divisor of 36 and z?
12
Suppose 5*w - 343 = -3*a, -a - 8*w + 3*w + 91 = 0. Suppose 6*y = 5*y + 14. Calculate the greatest common factor of a and y.
14
Let m be -5 + 2 - (-168)/2. Suppose 5*c + 2 = -4*n + m, 5*c - 5*n = 115. Let l be (27/6)/(1/38). Calculate the greatest common divisor of l and c.
19
Suppose -s + 838 = 758. Calculate the greatest common factor of s and 190.
10
Let a = 5564 + -1598. What is the greatest common divisor of 6 and a?
6
Let q = 96 - 96. Let w be 387 - ((-2 - -2) + q + 3). What is the greatest common divisor of w and 12?
12
Suppose -o = -2*a + 9, -2*o = 5*a - 7*o - 35. Suppose 0 = -7*h + a*h + 25. Let n(s) = s + 13. Let x be n(-11). What is the greatest common factor of h and x?
1
Let u(d) = 83*d + 821. Let y be u(-9). What is the greatest common divisor of 3959 and y?
37
Let l = 29 + -17. Suppose -17*w = -258 + 54. Calculate the highest common divisor of w and l.
12
Suppose 0 = -118*j + 103*j + 8085. What is the highest common factor of j and 784?
49
Suppose q + 4*u = 416, 3*q + 8*u - 13*u - 1248 = 0. Suppose -4*v + q = -4*a, 6*v + 2*a = 5*v + 89. Calculate the greatest common factor of v and 11.
11
Let j be (12/(-18))/(2/(-12)). Suppose 5*d - 249 = -18*h + 20*h, -213 = -j*d - 3*h. Calculate the highest common divisor of d and 9.
3
Let m = 97 - 181. Let k = m - -182. Calculate the greatest common divisor of k and 147.
49
Let n(u) = -99*u + 708. Let v be n(-9). Calculate the greatest common divisor of 369 and v.
123
Let s(v) = -1535*v - 13075. Let w be s(-10). Calculate the greatest common factor of 91 and w.
91
Let p be 0 - 7 - (-5 + -77). Let o be (544/(-20))/((-2)/10). Suppose -7*g + o = -74. What is the greatest common divisor of p and g?
15
Suppose -s + 302 = 3*i + 3*s, 0 = -i + 3*s + 105. Let u = 1731 - 1725. Calculate the highest common factor of u and i.
6
Suppose -a - 108 = -4*a. Let z be -16 + (3 - 10) - -7. Let w(s) = -s**3 - 15*s**2 - 4*s - 68. Let k be w(z). What is the greatest common divisor of a and k?
36
Let j be (10 + -9 + 4)*1300. Suppose 13*y + 7*y = j. What is the highest common divisor of y and 50?
25
Let i(c) = -10*c**2 - 9*c + 144. Let d be i(-4). Calculate the highest common factor of d and 170.
10
Let p be (0 - -3)*(-40)/(-6). Suppose 4*v = 3*a + 2799, 2*a + 502 + 1598 = 3*v. Let b = 712 - v. Calculate the highest common factor of b and p.
10
Suppose 2*z - 2*w - 2 = 3*z, -3*z + 4 = -4*w. Suppose 4*a - 4 = z, 7*t + 5*a = 6*t + 455. What is the highest common divisor of 18 and t?
18
Suppose 2*z + 48 = -z + 3*a, -a = 3*z + 48. Let t be z/(-5)*(9 + -4). Suppose -t*h = -21*h + 525. Calculate the highest common divisor of h and 30.
15
Suppose 0 = 563*w - 567*w + 1892. Let h = -467 + w. What is the highest common factor of 10 and h?
2
Suppose -3*j = 0, 0*j + 16 = 4*g + 2*j. Suppose a + 3*o - 9 = 0, -o + 17 = -4*a + 66. What is the greatest common factor of g and a?
4
Let g be ((-1280)/24)/((-5)/15). Let w(p) = -2*p**3 - 5*p**2 + 12. Let v be w(-4). Calculate the highest common divisor of g and v.
20
Let t(f) = -f**2 + 53*f - 626. Let w be t(35). What is the greatest common factor of 4508 and w?
4
Suppose 6*y - m + 768 = y, -2*y - 3*m = 314. Suppose 2*k - 3*k - 622 = 0. Let r be k/(-14) - 88/y. Calculate the highest common divisor of r and 18.
9
Let a be 264/143 - (36/(-39))/6. Calculate the greatest common factor of 97 and a.
1
Let i(a) = 25*a - 1885. Let p be i(77). Calculate the highest common divisor of 27460 and p.
20
Let a(m) = -3*m - 9. Let z be a(-4). Suppose 0 = h + 2*s - z, 0*h = 5*h - 4*s - 15. Suppose 0 = h*f - 5*f + 12. Calculate the highest common factor of f and 30.
6
Let u be ((-25)/(-1))/(1/18). Suppose -t + u = t. Suppose 5*y = -0*y + 3*b + 116, -34 = -y - 3*b. Calculate the greatest common divisor of y and t.
25
Let a be 968/11 - 3/3. Let q = a + -61. What is the greatest common divisor of 39 and q?
13
Let p be (4/5)/(-4*6/(-10920)). Suppose 7*c - 56 - p = 0. What is the highest common factor of 12 and c?
12
Let v be (4 + (-4 - (-264)/(-55)))/(3/(-170)). Calculate the greatest common factor of v and 170.
34
Let v(g) = g**2 - 171*g + 1503. Let z be v(9). Calculate the highest common factor of z and 4110.
15
Suppose 0 = -21*s + 15*s + 2358. Suppose 0 = 5*n - y - s, 5*n = 4*n + 3*y + 87. Let a be 1 + -1 - (-52)/1. What is the greatest common factor of a and n?
26
Let g(b) = -2*b - 2*b + 5 - 18*b + 9*b. Let h be g(-1). Calculate the highest common factor of h and 45.
9
Let n(a) = -3*a**2 + 4*a - 81. Let j be n(11). Let u = 414 + j. Calculate the greatest common divisor of 154 and u.
14
Suppose -22*c + 16*c + 2760 = 0. Calculate the greatest common divisor of c and 184.
92
Suppose 61*d = 38*d - 127*d + 53250. Suppose 2*o = -y + 2*y + 14, 2*o = -2*y + 2. What is the highest common divisor of d and o?
5
Let z(d) be the third derivative of d**5/15 - 5*d**4/8 + 62*d**3/3 + 7*d**2 + 2*d. Let j be z(7). What is the highest common divisor of j and 43?
43
Let r(t) = t**3 - 10*t**2 + 24*t. Let g = -14 - -89. Let p = 87 - g. Let m be r(p). What is the highest common factor of 64 and m?
64
Let q(b) = -729*b - 724. Let s be q(-1). Calculate the highest common factor of 4670 and s.
5
Suppose -23*o - 56*o = -5214. What is the highest common divisor of o and 6?
6
Let l(s) = -2*s**3 + 56*s**2 - 128*s + 669. Let n be l(26). Calculate the greatest common factor of n and 45.
45
Let s = 6208 + -6201. What is the greatest common factor of s and 154?
7
Let j(s) = -s + 6. Let o be j(6). Suppose -5*g - 15 = o, 3*g = r - 11 + 62. Let m = r + 102. Calculate the greatest common divisor of 6 and m.
6
Suppose -32 = 4*h, 4*p - 17*h - 3220 = -10*h. What is the greatest common divisor of 161 and p?
7
Let m(b) = -4*b + 12. Suppose -14*l + 7*l = -5*l. Let z be m(l). Calculate the greatest common factor of 192 and z.
12
Let v be 2 - -1 - (-270)/6. Suppose -49 + 2 = -17*q + 4. Calculate the highest common divisor of q and v.
3
Suppose -71*c + 55706 + 80188 = -132628. What is the greatest common divisor of 61 and c?
61
Let z be 189/14*(-8)/(-6). Suppose 2*g - 2*h - 60 = 0, -g - 4*h + 22 = -z. What is the highest common factor of 32 and g?
32
Suppose 477 + 97 = 14*c. Let v(p) = 7*p**3 + 10*p**2 - 24*p - 2. Let z be v(3). Calculate the greatest common factor of z and c.
41
Let n be 80 + (-5 + 4 - -1). Suppose 2*t = -4*u + 20, 4*u + n = 3*t - 0*u. Suppose 0 = -24*i + t*i + 20. What is the highest common factor of 45 and i?
5
Suppose -10*l + 177 = 57. Let p = 15 - l. Let w be -1 - p - (-189 - 0). Calculate the highest common divisor of 37 and w.
37
Let i(j) = 22*j**2 - 11*j + 549. Let v be i(17). Calculate the greatest common divisor of 105 and v.
105
Let r(x) = -x**2 + 15*x - 4. Suppose -41*s = -45*s + 76. Let f be r(s). Let b be (6/(-4))/(15/f). Calculate the highest common divisor of b and 16.
8
Let k be 3/21 - (-110)/14. Suppose 0 = k*d - d - 147. What is the highest common factor of 147 and d?
21
Let o(v) = 6481*v**3 - 8*v**2 + 7*v. Let z be o(1). Suppose h + z = 9*h. Calculate the greatest common divisor of h and 54.
54
Let w(c) = -c - 3. Let n(f) = 7*f - 3. Let a(z) = -n(z) - 5*w(z). Let p be a(-3). What is the greatest common factor of p and 56?
8
Let y(u) = -u**2 + 28*u - 1. Let q = -145 - -242. Let a = 123 - q. Let k be y(a). What is the greatest common divisor of 102 and k?
51
Suppose -4*w + 15 - 27 = 0. Let g(b) = b**2 + 3*b - 2. Let l be g(w). Let f be 10*(6/l + 4). Calculate the greatest common divisor of f and 110.
10
Let b = -2557 - -4823. What is the greatest common factor of b and 88?
22
Suppose 926*o = 930*o - 4, 4*x = -5*o + 10273. Calculate the highest common divisor of x and 17.
17
Suppose 21 = -3*y + 33. Suppose 0 = -9*c + y*c + 270. What is the greatest common factor of c and 6?
6
Let z(t) = -193*t**2 + 231